170?
2, 5, 7, 31
List the prime factors of 11914.
2, 7, 23, 37
What are the prime factors of 10417?
11, 947
What are the prime factors of 4490?
2, 5, 449
List the prime factors of 1128.
2, 3, 47
What are the prime factors of 1045?
5, 11, 19
List the prime factors of 2904.
2, 3, 11
List the prime factors of 27.
3
List the prime factors of 3307.
3307
List the prime factors of 9210.
2, 3, 5, 307
List the prime factors of 42263.
13, 3251
What are the prime factors of 2320?
2, 5, 29
List the prime factors of 8988.
2, 3, 7, 107
What are the prime factors of 36546?
2, 3, 6091
List the prime factors of 7131.
3, 2377
List the prime factors of 40170.
2, 3, 5, 13, 103
List the prime factors of 11672.
2, 1459
List the prime factors of 1262.
2, 631
What are the prime factors of 15545?
5, 3109
List the prime factors of 8496.
2, 3, 59
What are the prime factors of 536?
2, 67
What are the prime factors of 16501?
29, 569
List the prime factors of 538.
2, 269
List the prime factors of 12117.
3, 7, 577
List the prime factors of 5831.
7, 17
What are the prime factors of 9901?
9901
List the prime factors of 1051.
1051
List the prime factors of 1123.
1123
What are the prime factors of 400?
2, 5
What are the prime factors of 73?
73
List the prime factors of 11219.
13, 863
What are the prime factors of 2400?
2, 3, 5
List the prime factors of 536.
2, 67
List the prime factors of 39738.
2, 3, 37, 179
List the prime factors of 3745.
5, 7, 107
List the prime factors of 2619.
3, 97
What are the prime factors of 578?
2, 17
List the prime factors of 3905.
5, 11, 71
List the prime factors of 8824.
2, 1103
List the prime factors of 1275.
3, 5, 17
What are the prime factors of 51232?
2, 1601
List the prime factors of 27830.
2, 5, 11, 23
List the prime factors of 55313.
55313
What are the prime factors of 20874?
2, 3, 7, 71
What are the prime factors of 15267?
3, 7, 727
What are the prime factors of 2113?
2113
What are the prime factors of 19325?
5, 773
What are the prime factors of 982?
2, 491
List the prime factors of 1604.
2, 401
What are the prime factors of 3637?
3637
What are the prime factors of 2054?
2, 13, 79
What are the prime factors of 12007?
12007
What are the prime factors of 1141?
7, 163
List the prime factors of 67013.
19, 3527
List the prime factors of 34742.
2, 29, 599
List the prime factors of 67370.
2, 5, 6737
What are the prime factors of 3413?
3413
What are the prime factors of 30193?
109, 277
What are the prime factors of 6852?
2, 3, 571
What are the prime factors of 77?
7, 11
What are the prime factors of 2304?
2, 3
What are the prime factors of 86454?
2, 3, 1601
What are the prime factors of 17299?
17299
List the prime factors of 8893.
8893
What are the prime factors of 471?
3, 157
List the prime factors of 31722.
2, 3, 17, 311
List the prime factors of 140.
2, 5, 7
What are the prime factors of 474?
2, 3, 79
What are the prime factors of 5350?
2, 5, 107
List the prime factors of 5283.
3, 587
What are the prime factors of 35398?
2, 11, 1609
What are the prime factors of 7630?
2, 5, 7, 109
List the prime factors of 25852.
2, 23, 281
List the prime factors of 5340.
2, 3, 5, 89
List the prime factors of 13326.
2, 3, 2221
What are the prime factors of 6760?
2, 5, 13
List the prime factors of 16108.
2, 4027
What are the prime factors of 638?
2, 11, 29
What are the prime factors of 12165?
3, 5, 811
What are the prime factors of 1186?
2, 593
What are the prime factors of 18329?
18329
What are the prime factors of 25952?
2, 811
List the prime factors of 2631.
3, 877
What are the prime factors of 1168?
2, 73
List the prime factors of 4469.
41, 109
What are the prime factors of 2556?
2, 3, 71
List the prime factors of 387.
3, 43
List the prime factors of 726.
2, 3, 11
What are the prime factors of 1280?
2, 5
What are the prime factors of 17536?
2, 137
What are the prime factors of 1457?
31, 47
List the prime factors of 57664.
2, 17, 53
What are the prime factors of 22586?
2, 23, 491
What are the prime factors of 5211?
3, 193
What are the prime factors of 170?
2, 5, 17
List the prime factors of 33681.
3, 103, 109
What are the prime factors of 3431?
47, 73
What are the prime factors of 62916?
2, 3, 7, 107
What are the prime factors of 98749?
7, 14107
List the prime factors of 72.
2, 3
List the prime factors of 1512.
2, 3, 7
What are the prime factors of 881?
881
List the prime factors of 32306.
2, 29, 557
List the prime factors of 2984.
2, 373
List the prime factors of 95388.
2, 3, 7949
List the prime factors of 1192.
2, 149
What are the prime factors of 1375?
5, 11
What are the prime factors of 15415?
5, 3083
What are the prime factors of 6631?
19, 349
What are the prime factors of 1660?
2, 5, 83
List the prime factors of 2418.
2, 3, 13, 31
List the prime factors of 6636.
2, 3, 7, 79
What are the prime factors of 10882?
2, 5441
List the prime factors of 1359.
3, 151
What are the prime factors of 30912?
2, 3, 7, 23
What are the prime factors of 106467?
3, 23, 1543
What are the prime factors of 44674?
2, 7, 3191
List the prime factors of 122177.
11, 29, 383
What are the prime factors of 4338?
2, 3, 241
What are the prime factors of 154259?
7, 22037
List the prime factors of 363.
3, 11
What are the prime factors of 863?
863
What are the prime factors of 8946?
2, 3, 7, 71
List the prime factors of 24636.
2, 3, 2053
What are the prime factors of 631?
631
What are the prime factors of 315?
3, 5, 7
What are the prime factors of 116?
2, 29
List the prime factors of 14568.
2, 3, 607
What are the prime factors of 3896?
2, 487
What are the prime factors of 35?
5, 7
List the prime factors of 27390.
2, 3, 5, 11, 83
What are the prime factors of 7355?
5, 1471
List the prime factors of 443.
443
List the prime factors of 3509.
11, 29
List the prime factors of 42531.
3, 14177
What are the prime factors of 2514?
2, 3, 419
List the prime factors of 1592.
2, 199
List the prime factors of 13760.
2, 5, 43
List the prime factors of 1025.
5, 41
What are the prime factors of 404?
2, 101
What are the prime factors of 2169?
3, 241
What are the prime factors of 44174?
2, 13, 1699
What are the prime factors of 24254?
2, 67, 181
What are the prime factors of 3791?
17, 223
What are the prime factors of 340?
2, 5, 17
List the prime factors of 2537.
43, 59
What are the prime factors of 122210?
2, 5, 11, 101
List the prime factors of 2640.
2, 3, 5, 11
What are the prime factors of 21882?
2, 3, 7, 521
What are the prime factors of 19071?
3, 13, 163
What are the prime factors of 8559?
3, 317
What are the prime factors of 462?
2, 3, 7, 11
List the prime factors of 111552.
2, 3, 7, 83
What are the prime factors of 68390?
2, 5, 7, 977
List the prime factors of 3966.
2, 3, 661
List the prime factors of 112170.
2, 3, 5, 3739
What are the prime factors of 2603?
19, 137
What are the prime factors of 1282?
2, 641
What are the prime factors of 341?
11, 31
What are the prime factors of 577?
577
List the prime factors of 1020.
2, 3, 5, 17
List the prime factors of 140499.
3, 67, 233
List the prime factors of 7850.
2, 5, 157
What are the prime factors of 27027?
3, 7, 11, 13
What are the prime factors of 362?
2, 181
What are the prime factors of 7290?
2, 3, 5
What are the prime factors of 12795?
3, 5, 853
List the prime factors of 1685.
5, 337
What are the prime factors of 51484?
2, 61, 211
What are the prime factors of 15835?
5, 3167
List the prime factors of 2428.
2, 607
List the prime factors of 983.
983
What are the prime factors of 32282?
2, 16141
What are the prime factors of 7292?
2, 1823
What are the prime factors of 4148?
2, 17, 61
List the prime factors of 737.
11, 67
List the prime factors of 1135.
5, 227
List the prime factors of 638.
2, 11, 29
What are the prime factors of 9029?
9029
List the prime factors of 67405.
5, 13, 17, 61
What are the prime factors of 11259?
3, 139
What are the prime factors of 11154?
2, 3, 11, 13
What are the prime factors of 9293?
9293
What are the prime factors of 4453?
61, 73
List the prime factors of 1696.
2, 53
List the prime factors of 26592.
2, 3, 277
List the prime factors of 19091.
17, 1123
List the prime factors of 2002.
2, 7, 11, 13
List the prime factors of 21574.
2, 7, 23, 67
List the prime factors of 19478.
2, 9739
What are the prime factors of 83714?
2, 